er when 3068 is divided by 39?
26
Calculate the remainder when 449046 is divided by 153.
144
What is the remainder when 8300 is divided by 642?
596
Calculate the remainder when 20343 is divided by 79.
40
Calculate the remainder when 336886 is divided by 571.
567
Calculate the remainder when 11783 is divided by 82.
57
Calculate the remainder when 362675 is divided by 12.
11
What is the remainder when 485603 is divided by 126?
125
Calculate the remainder when 1158389 is divided by 8.
5
Calculate the remainder when 2031 is divided by 783.
465
Calculate the remainder when 299438 is divided by 80.
78
What is the remainder when 91313 is divided by 18?
17
Calculate the remainder when 17086 is divided by 5691.
13
What is the remainder when 54610 is divided by 36?
34
What is the remainder when 6514 is divided by 131?
95
Calculate the remainder when 65178 is divided by 265.
253
What is the remainder when 1846 is divided by 398?
254
What is the remainder when 2576534 is divided by 53?
45
Calculate the remainder when 204197 is divided by 17016.
5
Calculate the remainder when 52786 is divided by 13188.
34
Calculate the remainder when 155732 is divided by 927.
923
Calculate the remainder when 135753 is divided by 475.
378
What is the remainder when 4507 is divided by 512?
411
Calculate the remainder when 129227 is divided by 52.
7
Calculate the remainder when 3696 is divided by 92.
16
What is the remainder when 99213 is divided by 1459?
1
What is the remainder when 10246 is divided by 122?
120
Calculate the remainder when 19882 is divided by 82.
38
Calculate the remainder when 772 is divided by 195.
187
What is the remainder when 11384 is divided by 11350?
34
What is the remainder when 5114 is divided by 142?
2
What is the remainder when 1824 is divided by 555?
159
Calculate the remainder when 6991279 is divided by 40.
39
What is the remainder when 42042 is divided by 425?
392
What is the remainder when 193107 is divided by 64366?
9
What is the remainder when 305003 is divided by 44?
39
What is the remainder when 15869 is divided by 793?
9
What is the remainder when 2431 is divided by 242?
11
What is the remainder when 1719 is divided by 241?
32
What is the remainder when 37023 is divided by 561?
558
What is the remainder when 42663 is divided by 853?
13
What is the remainder when 2117 is divided by 411?
62
What is the remainder when 7425 is divided by 3126?
1173
What is the remainder when 11213 is divided by 596?
485
What is the remainder when 43867 is divided by 7?
5
What is the remainder when 6397 is divided by 118?
25
What is the remainder when 115002 is divided by 50?
2
Calculate the remainder when 1208 is divided by 570.
68
What is the remainder when 124605 is divided by 605?
580
What is the remainder when 47831 is divided by 15915?
86
Calculate the remainder when 15117 is divided by 225.
42
What is the remainder when 3691 is divided by 534?
487
What is the remainder when 108482 is divided by 378?
374
Calculate the remainder when 140547 is divided by 31.
24
Calculate the remainder when 387374 is divided by 52.
26
What is the remainder when 154987 is divided by 10?
7
What is the remainder when 1428 is divided by 670?
88
Calculate the remainder when 1352674 is divided by 116.
114
Calculate the remainder when 756395 is divided by 439.
437
What is the remainder when 9279 is divided by 1?
0
Calculate the remainder when 8107 is divided by 27.
7
Calculate the remainder when 117063 is divided by 36.
27
What is the remainder when 5822 is divided by 72?
62
What is the remainder when 19297 is divided by 686?
89
Calculate the remainder when 75726 is divided by 38.
30
What is the remainder when 82097 is divided by 13653?
179
Calculate the remainder when 1551 is divided by 1472.
79
Calculate the remainder when 24318 is divided by 8088.
54
What is the remainder when 382 is divided by 30?
22
Calculate the remainder when 37857 is divided by 1652.
1513
What is the remainder when 38806 is divided by 1251?
25
Calculate the remainder when 1580 is divided by 634.
312
What is the remainder when 21923 is divided by 1709?
1415
Calculate the remainder when 1110879 is divided by 80.
79
Calculate the remainder when 31086 is divided by 438.
426
Calculate the remainder when 6557 is divided by 905.
222
Calculate the remainder when 16256 is divided by 3250.
6
Calculate the remainder when 356 is divided by 108.
32
Calculate the remainder when 224743 is divided by 54.
49
Calculate the remainder when 23236 is divided by 199.
152
What is the remainder when 8742 is divided by 2806?
324
What is the remainder when 1709 is divided by 374?
213
Calculate the remainder when 40917 is divided by 426.
21
What is the remainder when 210058 is divided by 23?
22
Calculate the remainder when 83354 is divided by 41673.
8
What is the remainder when 11240 is divided by 13?
8
Calculate the remainder when 13264573 is divided by 158.
157
What is the remainder when 108943 is divided by 45?
43
What is the remainder when 51517 is divided by 115?
112
What is the remainder when 70450 is divided by 53?
13
Calculate the remainder when 10472 is divided by 5229.
14
Calculate the remainder when 377282 is divided by 57.
56
Calculate the remainder when 1723 is divided by 38.
13
Calculate the remainder when 3699 is divided by 134.
81
Calculate the remainder when 427946 is divided by 271.
37
Calculate the remainder when 608273 is divided by 846.
845
Calculate the remainder when 206082 is divided by 50.
32
Calculate the remainder when 3709 is divided by 64.
61
Calculate the remainder when 4837 is divided by 20.
17
What is the remainder when 4689 is divided by 247?
243
Calculate the remainder when 418168 is divided by 34.
2
Calculate the remainder when 408713 is divided by 1560.
1553
Calculate the remainder when 8182 is divided by 28.
6
Calculate the remainder when 61998 is divided by 200.
198
Calculate the remainder when 23593 is divided by 72.
49
What is the remainder when 1562 is divided by 771?
20
What is the remainder when 3272 is divided by 935?
467
Calculate the remainder when 19735 is divided by 1095.
25
What is the remainder when 98416 is divided by 24602?
8
Calculate the remainder when 88959 is divided by 80.
79
Calculate the remainder when 5149 is divided by 5140.
9
Calculate the remainder when 703777 is divided by 175943.
5
What is the remainder when 454046 is divided by 2152?
2126
What is the remainder when 960 is divided by 121?
113
What is the remainder when 189 is divided by 103?
86
Calculate the remainder when 27600 is divided by 45.
15
What is the remainder when 4930 is divided by 412?
398
What is the remainder when 2100 is divided by 1039?
22
What is the remainder when 1745 is divided by 22?
7
What is the remainder when 47339 is divided by 15?
14
Calculate the remainder when 7728 is divided by 90.
78
Calculate the remainder when 1939 is divided by 194.
193
What is the remainder when 174 is divided by 7?
6
Calculate the remainder when 164722 is divided by 5145.
82
What is the remainder when 151318 is divided by 72?
46
What is the remainder when 30589 is divided by 294?
13
What is the remainder when 1187 is divided by 123?
80
What is the remainder when 2282335 is divided by 736?
735
Calculate the remainder when 21111 is divided by 26.
25
Calculate the remainder when 2065 is divided by 223.
58
Calculate the remainder when 2737 is divided by 22.
9
Calculate the remainder when 28492 is divided by 949.
22
Calculate the remainder when 11976 is divided by 537.
162
What is the remainder when 1555 is divided by 128?
19
What is the remainder when 69245 is divided by 13?
7
Calculate the remainder when 1459 is divided by 397.
268
What is the remainder when 328507 is divided by 65?
62
What is the remainder when 140530 is divided by 2?
0
What is the remainder when 161252 is divided by 9?
8
What is the remainder when 215871 is divided by 8?
7
What is the remainder when 1511 is divided by 423?
242
What is the remainder when 1825 is divided by 496?
337
Calculate the remainder when 1537 is divided by 745.
47
Calculate the remainder when 1766 is divided by 1745.
21
Calculate the remainder when 1138449 is divided by 135.
129
Calculate the remainder when 10623375 is divided by 1058.
1055
Calculate the remainder when 1719